of 22663?
6
What is the ten thousands digit of 10878?
1
What is the tens digit of 1112?
1
What is the hundreds digit of 5281?
2
What is the tens digit of 5126?
2
What is the hundreds digit of 102?
1
What is the ten thousands digit of 35041?
3
What is the units digit of 3409?
9
What is the units digit of 72?
2
What is the tens digit of 14414?
1
What is the units digit of 3510?
0
What is the hundreds digit of 47750?
7
What is the tens digit of 170009?
0
What is the tens digit of 2516?
1
What is the units digit of 8748?
8
What is the ten thousands digit of 17577?
1
What is the tens digit of 863?
6
What is the units digit of 1432?
2
What is the tens digit of 1515?
1
What is the units digit of 9923?
3
What is the units digit of 6325?
5
What is the thousands digit of 27316?
7
What is the units digit of 107?
7
What is the units digit of 42552?
2
What is the units digit of 658?
8
What is the hundreds digit of 2317?
3
What is the thousands digit of 2782?
2
What is the tens digit of 22026?
2
What is the tens digit of 8808?
0
What is the hundreds digit of 18805?
8
What is the tens digit of 1297?
9
What is the hundreds digit of 3215?
2
What is the units digit of 6585?
5
What is the tens digit of 1704?
0
What is the units digit of 31639?
9
What is the tens digit of 4005?
0
What is the thousands digit of 1675?
1
What is the hundreds digit of 41673?
6
What is the tens digit of 8726?
2
What is the tens digit of 21816?
1
What is the hundreds digit of 809?
8
What is the tens digit of 1468?
6
What is the hundreds digit of 13870?
8
What is the units digit of 67?
7
What is the hundreds digit of 3542?
5
What is the hundreds digit of 11153?
1
What is the units digit of 810?
0
What is the units digit of 1643?
3
What is the thousands digit of 3433?
3
What is the tens digit of 4586?
8
What is the units digit of 1344?
4
What is the hundreds digit of 5891?
8
What is the ten thousands digit of 18462?
1
What is the thousands digit of 3781?
3
What is the tens digit of 3093?
9
What is the units digit of 48358?
8
What is the hundreds digit of 836?
8
What is the tens digit of 518?
1
What is the tens digit of 1813?
1
What is the thousands digit of 10041?
0
What is the hundreds digit of 16439?
4
What is the tens digit of 96541?
4
What is the hundreds digit of 76949?
9
What is the tens digit of 11?
1
What is the units digit of 918?
8
What is the thousands digit of 2631?
2
What is the tens digit of 104111?
1
What is the hundreds digit of 686?
6
What is the hundreds digit of 7952?
9
What is the tens digit of 1402?
0
What is the thousands digit of 150323?
0
What is the tens digit of 1466?
6
What is the units digit of 3069?
9
What is the units digit of 1451?
1
What is the thousands digit of 74278?
4
What is the hundreds digit of 2305?
3
What is the tens digit of 9476?
7
What is the tens digit of 1314?
1
What is the units digit of 272?
2
What is the thousands digit of 1889?
1
What is the hundreds digit of 2485?
4
What is the hundreds digit of 75113?
1
What is the hundreds digit of 2942?
9
What is the ten thousands digit of 34728?
3
What is the tens digit of 332?
3
What is the hundreds digit of 25863?
8
What is the hundreds digit of 32181?
1
What is the units digit of 984?
4
What is the thousands digit of 4078?
4
What is the tens digit of 317?
1
What is the units digit of 15043?
3
What is the tens digit of 109831?
3
What is the thousands digit of 1843?
1
What is the units digit of 84?
4
What is the units digit of 1487?
7
What is the thousands digit of 1846?
1
What is the thousands digit of 9905?
9
What is the thousands digit of 3775?
3
What is the units digit of 27522?
2
What is the thousands digit of 169614?
9
What is the hundreds digit of 27050?
0
What is the tens digit of 48?
4
What is the hundreds digit of 3631?
6
What is the tens digit of 48?
4
What is the ten thousands digit of 85103?
8
What is the hundreds digit of 4083?
0
What is the thousands digit of 2074?
2
What is the thousands digit of 21151?
1
What is the thousands digit of 2304?
2
What is the hundreds digit of 10077?
0
What is the units digit of 2863?
3
What is the units digit of 82289?
9
What is the tens digit of 3097?
9
What is the hundreds digit of 4417?
4
What is the hundreds digit of 1472?
4
What is the hundreds digit of 9457?
4
What is the hundreds digit of 13685?
6
What is the tens digit of 900?
0
What is the tens digit of 12653?
5
What is the thousands digit of 1898?
1
What is the units digit of 37211?
1
What is the hundreds digit of 388?
3
What is the hundreds digit of 62553?
5
What is the thousands digit of 1903?
1
What is the units digit of 2118?
8
What is the units digit of 2218?
8
What is the tens digit of 1280?
8
What is the tens digit of 10134?
3
What is the tens digit of 2005?
0
What is the tens digit of 9347?
4
What is the ten thousands digit of 43746?
4
What is the units digit of 7667?
7
What is the thousands digit of 20633?
0
What is the units digit of 15271?
1
What is the tens digit of 20628?
2
What is the units digit of 6175?
5
What is the units digit of 7385?
5
What is the hundreds digit of 850?
8
What is the hundreds digit of 7662?
6
What is the units digit of 379?
9
What is the hundreds digit of 15041?
0
What is the units digit of 2125?
5
What is the tens digit of 6007?
0
What is the tens digit of 2131?
3
What is the units digit of 38175?
5
What is the tens digit of 6601?
0
What is the tens digit of 53437?
3
What is the ten thousands digit of 106265?
0
What is the hundreds digit of 551?
5
What is the units digit of 2502?
2
What is the units digit of 115969?
9
What is the units digit of 264?
4
What is the units digit of 12773?
3
What is the units digit of 1186?
6
What is the tens digit of 85808?
0
What is the hundreds digit of 1148?
1
What is the units digit of 7766?
6
What is the tens digit of 1747?
4
What is the thousands digit of 54692?
4
What is the units digit of 3858?
8
What is the hundreds digit of 54523?
5
What is the tens digit of 2326?
2
What is the tens digit of 586?
8
What is the hundreds digit of 41000?
0
What is the tens digit of 2912?
1
What is the hundreds digit of 883?
8
What is the hundreds digit of 484?
4
What is the thousands digit of 2216?
2
What is the hundreds digit of 24155?
1
What is the units digit of 16149?
9
What is the thousands digit of 109758?
9
What is the tens digit of 783?
8
What is the units digit of 5327?
7
What is the thousands digit of 2841?
2
What is the tens digit of 25584?
8
What is the units digit of 5158?
8
What is the tens digit of 10745?
4
What is the units digit of 1310?
0
What is the units digit of 3647?
7
What is the thousands digit of 28926?
8
What is the units digit of 8797?
7
What is the thousands digit of 13244?
3
What is the hundreds digit of 17681?
6
What is the tens digit of 684?
8
What is the tens digit of 238?
3
What is the hundreds digit of 10732?
7
What is the units digit of 398?
8
What is the units digit of 475?
5
What is the tens digit of 16042?
4
What is the tens digit of 963?
6
What is the hundreds digit of 1574?
5
What is the tens digit of 10534?
3
What is the tens digit of 558?
5
What is the thousands digit of 7064?
7
What is the thousands digit of 50939?
0
What is the hundreds digit of 4828?
8
What is the tens digit of 2308?
0
What is the hundreds digit of 1733?
7
What is the thousands digit of 2930?
2
What is the hundreds digit of 3832?
8
What is the hundreds digit of 17170?
1
What is the tens digit of 22541?
4
What is the thousands digit of 6918?
6
What is the units digit of 6614?
4
What is the tens digit of 629?
2
What is the hundreds digit of 41930?
9
What is the units digit of 50696?
6
What is the units digit of 27557?
7
What is the thousands digit of 1553?
1
What is the hundreds digit of 15904?
9
What is the thousands digit of 17420?
7
What is the thousands digit of 1181?
1
What is the ten thousands digit of 42157?
4
What is the tens digit of 803?
0
What is the hundreds digit of 599?
5
What is the ten thousands digit of 37069?
3
What is the hundreds digit of 821?
8
What is the hundreds digit of 9339?
3
What is the hundreds digit of 583?
5
What is the ten thousands digit of 15206?
1
What is the thousands digit of 1219?
1
What is the thousands digit of 132795?
2
What is the thousands digit of 5347?
5
What is the thousands di